Suppose -6*j = -35*j + 622137. Is j prime?
False
Suppose -4*h - 3*a = -22291, 0 = -4*h + 5*a - 9974 + 32225. Is h a prime number?
True
Suppose 0 = -u - 4*c + 890 + 210, 0 = u + 3*c - 1097. Let r = 1245 + u. Is r prime?
True
Let x(c) = 633*c**3 + 23*c**2 - 6*c - 17. Let u(p) = -211*p**3 - 8*p**2 + 2*p + 6. Let o(m) = 17*u(m) + 6*x(m). Is o(1) prime?
True
Let w(h) = -2*h**3 + 15*h**2 + 14*h - 50. Is w(-19) composite?
True
Let u be (-2 + (-10)/(-4))*6. Suppose -5*x + k - u*k - 10 = 0, -2*k = 2*x - 2. Is x/(-22) + 864/88 a prime number?
False
Let u(m) = -409*m - 40. Is u(-9) prime?
False
Let v be 9 + (-1 - 2) - 4. Let o be ((0/(-2))/(-4))/v. Is (187 - 0)*(1 + o) a composite number?
True
Is 6/24*-4 - (-1 + -12799) a prime number?
True
Suppose -2*i + 3*i - c = 723, -2*i - c = -1434. Let k = 1535 - i. Suppose 0 = -a + 2*m + 201, 3*a - 4*m + k = 7*a. Is a a prime number?
False
Suppose q - 10 = 2*f - 25, 3*q + 9 = 0. Suppose y - 2653 = -f*y. Is y a prime number?
True
Let l be (13 + -11)*(-25)/(-2). Let m = l + 181. Is m a prime number?
False
Let v(m) = m**3 - 2*m**2 + 5*m - 5. Let x be v(2). Let k(q) = 93*q + 14. Is k(x) a prime number?
True
Suppose 5*k - 4*h - 80903 = 0, 0 = 4*k - 15*h + 20*h - 64747. Is k composite?
False
Let u(q) = -9*q - 59. Let d = -35 + 15. Is u(d) a prime number?
False
Suppose 2*l - 3809 = -v, -2*l = -v - 0*v - 3799. Suppose n - l = -5*n. Is n a prime number?
True
Suppose -3*i = 3*m - 11961, i + 1 = -1. Is m a prime number?
True
Let u be (2/(-3))/(2/(-3318)). Suppose 3*q = q + u. Is q a composite number?
True
Let i = -345 - -856. Suppose 3*t - i = -5*l + 935, 0 = t - l - 490. Is t a prime number?
True
Suppose 32170 = 7*h - 78969. Is h a prime number?
True
Let u be 317/(-15) + 12/90. Is 3 + u/9 - 697/(-3) a prime number?
True
Suppose 17 = -8*n + 89. Is 420 - n*3/27*3 prime?
False
Is 6*(2 - (-7407)/18) a prime number?
False
Let w(g) = 13*g**2 - 3*g + 2. Let z be w(1). Suppose -z*c + 5*c = 0. Suppose t - 521 = -c*t + 4*f, -5*t = -4*f - 2685. Is t a composite number?
False
Let q be (-3 - (-4 + 1))/(-2). Suppose q = -w + 160 - 66. Suppose -4*u - 3*l + l = -w, -3*u = 3*l - 75. Is u prime?
False
Suppose -3*a = -2*v + 2102, -5*a = -2*v + 2160 + 1346. Let n = a - -1019. Is n composite?
False
Let m be (-116)/(-14) - (-8)/(-28). Suppose 4*p = m*p + y - 344, 2*p = -2*y + 172. Suppose -2*o + o = -p. Is o prime?
False
Let l = 16634 - 5671. Is l a prime number?
False
Let q(o) = 2*o**3 - 10*o**2 - 5*o + 29. Let d be q(-16). Let a = 692 - d. Is a prime?
False
Suppose -g + 8 = 4. Suppose 0 = g*a - 4*r - 768, 6*a - 4*r = a + 962. Is a prime?
False
Suppose -163*g + 248 = -164*g. Let o = g - -834. Is o a composite number?
True
Is (230/20)/(1/22) a composite number?
True
Let h be (-328344)/(-36) - (-3)/((-27)/6). Let f = h - -215. Is f composite?
True
Suppose 0 = 2*l - 8 + 4. Suppose l*b - 734 = -66. Is b a composite number?
True
Suppose 0 = 2*w - m - 3105 - 11225, -3*w - m = -21505. Is w prime?
False
Let a(s) = 5*s**2 + 12*s - 60. Let h be a(14). Suppose -7482 = -5*b - 5*g + h, -2*b = 3*g - 3431. Is b a prime number?
False
Is 10/15 + (-33002)/(-6) prime?
True
Let a = 26 - 30. Let u(r) = 39*r**2 - 6*r - 13. Is u(a) composite?
True
Let l(p) = -53*p + 8. Let u be 6*4/(-8) - 1. Let s(w) = -106*w + 17. Let f(y) = u*s(y) + 9*l(y). Is f(-5) a composite number?
False
Let s = 117 + -117. Suppose 2*c - 1176 = d, 8*c - 3*c + d - 2933 = s. Is c a composite number?
False
Suppose 2*t + 2 = -2, -3*r + t - 1 = 0. Let l(k) = -148*k**3 - k**2 - 2*k - 1. Let v be l(r). Suppose 2*w = -2*w + v. Is w prime?
True
Suppose 0 = 4*l - 4*n - 9728, 0*n + 4*n + 12157 = 5*l. Is l prime?
False
Let v = 97 + -69. Suppose 20*q - v*q = -21256. Is q a prime number?
True
Let p = 37893 - 16231. Is p a prime number?
False
Let m(g) be the third derivative of -g**4/3 - 3*g**3 + 9*g**2. Is m(-14) composite?
True
Suppose 5*s = -2*y - 15, -5*y + s + 6 = -s. Suppose y = f + 3*f. Suppose -5*m = -f*m - 665. Is m a composite number?
True
Suppose 8*v + 7 = 39. Suppose v*b - 529 = 1395. Is b composite?
True
Let r(n) be the first derivative of 31*n**3 + 7*n**2/2 - 7*n - 36. Is r(3) a composite number?
True
Suppose 0 = -4*c + 7*c - 5*i + 2137, 0 = -c - i - 707. Let g = 32 - 64. Let m = g - c. Is m a prime number?
True
Let y(q) = -3 - 5*q**2 + 4 - 3*q**3 + 2*q**3 + 3. Let g be y(-5). Suppose -4*f - 55 - 1 = -g*z, 3*f = 5*z - 64. Is z prime?
True
Let u = 9220 - 801. Is u a prime number?
True
Suppose 38 = r - 5*x, -4*x + 7 = 4*r - 73. Suppose -5*a + 4*w + 8 = 4, 8 = 2*w. Suppose -7 - 85 = -a*m + 5*v, -4*v = -m + r. Is m a prime number?
True
Let g be ((-12)/8)/(3/(-48)). Suppose -g*k = -21*k. Let r(l) = l**2 - l + 215. Is r(k) a composite number?
True
Let c(x) = -30*x**2 + 5*x - 10. Let d be c(-7). Suppose -5*n = 2096 + 2024. Let i = n - d. Is i a composite number?
False
Let c be (-8)/12*(-93)/1. Let z be c + (3/(-1) - -1). Let d = z + 151. Is d a composite number?
False
Let r = 29 + 4. Suppose 39*m - r*m = 1794. Is m a composite number?
True
Let w be 3/2 - 6/(-4). Suppose w*j + 1802 = 2*s - s, 3*s - 2*j - 5434 = 0. Is s prime?
False
Let a = 28626 + 7897. Is a prime?
True
Let v = -11 - 17. Let c be 4/14 - 2120/v. Is -1 + c + -1 + 3 a composite number?
True
Suppose -3*s - 5*q + 26 = 0, 3*q - 5*q + 8 = 0. Suppose 0 = s*l - 28. Is l a composite number?
True
Let q be (-438)/9*3*-14. Let f = q + -795. Is f a prime number?
True
Is (3 + (-728)/32)/(1/(-164)) composite?
True
Is (-1851564)/(-21) + 180/(-252) composite?
False
Let f = -25 + 25. Suppose -6*x + 3*x + 1761 = f. Is x a composite number?
False
Let w = 733 - 536. Suppose -3*s + 8*s = 0. Is (s - -1)*w + 4 a composite number?
True
Let g be 47/4 + (-6)/8. Let i = g + -10. Let k(m) = 78*m**2 + 1. Is k(i) prime?
True
Let k(n) = -n**3 + 15*n**2 - 6*n - 27. Let i be (-540)/(-48) - (-2)/(-8). Is k(i) a composite number?
True
Let g = -13794 + 26395. Is g composite?
False
Let y = -410 + 402. Suppose -89 - 354 = -r. Is (r/(-2))/(4/y) prime?
True
Let s = 57 + 2420. Is s a prime number?
True
Let c be (8/14)/(1/7). Suppose 7*f + b + 70 = c*f, 5*f = -b - 114. Is f/33 - 70/(-6) a prime number?
True
Let b(h) = 15*h - 16. Let t be b(4). Is 452 - (t/16 + (-2)/(-8)) a prime number?
True
Let v(z) = -8*z**2 - 3*z - 32. Let a be v(15). Let i = -1198 - a. Is i a prime number?
False
Let t be (4 + 25/(-10))*516. Suppose t = 5*p + b - 1326, 3*p = -3*b + 1272. Is p prime?
True
Is 730587/187 + 4/34 composite?
False
Let p be 2/4*(85 + 5 + -4). Let o = 44 + -68. Let r = p - o. Is r composite?
False
Suppose -4*a - 926 = -3*q + 25, 327 = q + 2*a. Is q composite?
True
Let z = 1323 - 583. Suppose 2*h - 274 = z. Let a = h - 256. Is a a composite number?
False
Let n(d) = -d**3 + 8*d**2 - 4*d - 12. Let i be n(7). Suppose 3*z - i = 3*u, -5*z = 2*u - 31 + 9. Is u*(-4765)/(-5) - 0 composite?
False
Let v(j) be the third derivative of -j**6/120 + 11*j**5/60 - 5*j**4/8 + 8*j**3/3 + 7*j**2. Let t be v(11). Let c = 214 + t. Is c prime?
False
Let j be (16/6)/(4/6). Suppose 124 = -j*y + 1800. Is (y/2)/(2/4) composite?
False
Let s be 4/6 - 24/9. Let y be (3/s)/3*14. Is (-887)/y + (-2)/(-7) a prime number?
True
Suppose -h = -4*t - 2753, 7*h = 6*h - 5*t + 2726. Is h a prime number?
True
Let f(w) = 3*w**3 + 12*w + 25. Is f(8) a composite number?
False
Suppose 3*h - 5*h + 3425 = 5*y, 2*h - 3465 = 3*y. Suppose 3*m - 2*d - h = 427, m + d = 719. Is m composite?
True
Let n be 5 - (5 + -4)*3. Suppose -67 = -5*p - 2*a, 0 = 4*p - n*a - 98 + 30. Let w = p - -148. Is w a prime number?
True
Suppose 29 = 2*r - 49. Let z = r + -22. Is (1 - 1 - z)*-5 a prime number?
False
Let m = 1167 + 323. Suppose -7*k + 12*k = m. Is k composite?
True
Let z be 2/4 + (-248)/(-16). Let b be (z - 9)*(-102)/(-7). Is b/(-3)*33/(-6) prime?
False
Let q(l) = -l**3 + 9*l**2 - 2*l - 22. Let f be q(8). Suppose 29*b - 1347 = f*b. Is b a prime number?
True
Let r = -16 + 10. Let p(d) = d**2 + 5*d - 1. Let b be p(r). Suppose 4*g - 528 = 4*s, b*s + 153 = 3*g - 253. Is g a composite number?
False
Suppose 33*r - 977330 = -295187. Is r composite?
True
Let c be 6/4 - (-11)/(-2). Is 5/20 + (-3507)/c a prime number?
True
Let z(d) = 39*d**2 - 19*d - 6*d**2 + 1 + 41*d - 19*d. Let j be z(-2). Suppose a = 5*b + j, 4*a - a - 2*b = 381. Is a a composite num